{"id":495,"date":"2023-10-22T17:16:46","date_gmt":"2023-10-22T14:16:46","guid":{"rendered":"https:\/\/ambalkuwait.esteri.it\/?page_id=495"},"modified":"2023-10-22T17:16:46","modified_gmt":"2023-10-22T14:16:46","slug":"faq-gare","status":"publish","type":"page","link":"https:\/\/ambalkuwait.esteri.it\/it\/amministrazione-trasparente\/bandi-di-gara-e-contratti\/faq-gare\/","title":{"rendered":"FAQ Gare"},"content":{"rendered":"<p>In riferimento agli articoli\u00a0<strong>III.2.1)<\/strong>\u00a0Requisiti generali di ammissione\u00a0e\u00a0<strong>III.2.2)<\/strong>\u00a0Requisiti di capacit\u00e0 economica e finanziaria e di idoneit\u00e0 professionale del Bando di Gara,\u00a0si chiede di precisare quanto segue:<\/p>\n<p>&nbsp;<\/p>\n<p><strong>Per le aziende NON europee, \u00e8 sufficiente la compilazione del DGUE, e NON sia necessario presentare in sede di gara (1.4.2021) la documentazione relativa alle licenze di business (licenze, registrazioni, statuti, etc.) e ai bilanci societari. Corretto?<\/strong><\/p>\n<p><em>In tema di idoneit\u00e0 professionale, la Sede richieder\u00e0 al concorrente la prova dell\u2019iscrizione nei registri professionali o commerciali nazionali del Paese di residenza da cui derivi l\u2019abilitazione ad operare, qualora sia obbligatoria secondo l\u2019ordinamento locale. Tale prova, in sede di ammissione alla gara, \u00e8 fornita tramite dichiarazione nel DGUE, mentre in sede di aggiudicazione il vincitore deve presentare il corrispondente certificato rilasciato secondo le norme dello Stato in cui \u00e8 stabilito.<\/em><\/p>\n<p>&nbsp;<\/p>\n<p><strong>Nel disciplinare, all\u2019art. 8, punto d) Personale, viene dichiarato che per addetti si devono intendere i dipendenti adibiti alla ricezione e trattazione delle domande. A tal fine, si chiede di precisare se le figure indicate a seguire possano essere incluse in tale descrizione:<\/strong><\/p>\n<ul>\n<li><em>Incaricato alla reception<\/em><\/li>\n<li><em>Incaricato all\u2019help desk situato all\u2019intero del VAC per guidare i richiedenti in materia di domanda di visto o altro<\/em><\/li>\n<\/ul>\n<p><em>La risposta \u00e8 chiarita nell&#8217;art. citato: Gli addetti sono i dipendenti adibiti alla ricezione e trattazione delle domande. Le figure professionali adibite ad indicare le direzioni o lo sportello numero all&#8217;utenza non vanno a sommarsi agli operatori.<\/em><\/p>\n<p>&nbsp;<\/p>\n<p><strong>Servizi aggiuntivi a pagamento: si chiede di confermare se i prezzi dei servizi aggiuntivi a pagamento debbano essere inseriti nell\u2019offerta tecnica, Busta B.<\/strong><\/p>\n<p><em>Si<\/em><\/p>\n<p>&nbsp;<\/p>\n<p><strong>Pu\u00f2 confermare se il servizio gratuito di verifica sar\u00e0 richiesto solo ed esclusivamente per le domande di visto di tipo D. Pu\u00f2 confermare il volume dei visti di tipo D ed una stima in termini di percentuale delle domande che saranno soggette a verifica?<\/strong><\/p>\n<p><em>Le domande di visto di tipologia D sono in media 150 l&#8217;anno. La percentuale dovrebbe attestarsi intorno al 10% di quella somma.<\/em><\/p>\n<p>&nbsp;<\/p>\n<p><strong>Pu\u00f2 confermare se il servizio gratuito di traduzione ufficiale sar\u00e0 richiesto solo ed esclusivamente per le domande di visto di tipo D. Pu\u00f2 confermare il volume o una stima in termini di percentuali delle domande che saranno soggette a traduzione?<\/strong><\/p>\n<p><em>E&#8217; credibile si tratti del 10\/15% delle 150 annue di media.<\/em><\/p>\n<p>&nbsp;<\/p>\n<p><strong>Qualora la reception fosse condivisa con un altro paese, ma lo spazio interno dedicato all\u2019Italia fosse separato, viene attribuito l\u2019intero punteggio previsto per l\u2019aspetto di esclusivit\u00e0 del centro visti?<\/strong><\/p>\n<p><em>L&#8217;attribuzione dei punteggi \u00e8 prerogativa della costituenda Commissione. Non \u00e8 quindi possibile, allo stato attuale, ipotizzarne l&#8217;orientamento.<\/em><\/p>\n","protected":false},"excerpt":{"rendered":"In riferimento agli articoli\u00a0III.2.1)\u00a0Requisiti generali di ammissione\u00a0e\u00a0III.2.2)\u00a0Requisiti di capacit\u00e0 economica e finanziaria e di idoneit\u00e0 professionale del Bando di Gara,\u00a0si chiede di precisare quanto segue: &nbsp; Per le aziende NON europee, \u00e8 sufficiente la compilazione del DGUE, e NON sia necessario presentare in sede di gara (1.4.2021) la documentazione relativa alle licenze di business (licenze, [&hellip;]","protected":false},"author":4,"featured_media":0,"parent":135,"menu_order":8,"comment_status":"closed","ping_status":"closed","template":"","meta":{"footnotes":""},"class_list":["post-495","page","type-page","status-publish","hentry"],"_links":{"self":[{"href":"https:\/\/ambalkuwait.esteri.it\/it\/wp-json\/wp\/v2\/pages\/495","targetHints":{"allow":["GET"]}}],"collection":[{"href":"https:\/\/ambalkuwait.esteri.it\/it\/wp-json\/wp\/v2\/pages"}],"about":[{"href":"https:\/\/ambalkuwait.esteri.it\/it\/wp-json\/wp\/v2\/types\/page"}],"author":[{"embeddable":true,"href":"https:\/\/ambalkuwait.esteri.it\/it\/wp-json\/wp\/v2\/users\/4"}],"replies":[{"embeddable":true,"href":"https:\/\/ambalkuwait.esteri.it\/it\/wp-json\/wp\/v2\/comments?post=495"}],"version-history":[{"count":1,"href":"https:\/\/ambalkuwait.esteri.it\/it\/wp-json\/wp\/v2\/pages\/495\/revisions"}],"predecessor-version":[{"id":496,"href":"https:\/\/ambalkuwait.esteri.it\/it\/wp-json\/wp\/v2\/pages\/495\/revisions\/496"}],"up":[{"embeddable":true,"href":"https:\/\/ambalkuwait.esteri.it\/it\/wp-json\/wp\/v2\/pages\/135"}],"wp:attachment":[{"href":"https:\/\/ambalkuwait.esteri.it\/it\/wp-json\/wp\/v2\/media?parent=495"}],"curies":[{"name":"wp","href":"https:\/\/api.w.org\/{rel}","templated":true}]}}

<p>In riferimento agli articoli <strong>III.2.1)</strong> Requisiti generali di ammissione e <strong>III.2.2)</strong> Requisiti di capacità economica e finanziaria e di idoneità professionale del Bando di Gara, si chiede di precisare quanto segue:</p>
<p>&nbsp;</p>
<p><strong>Per le aziende NON europee, è sufficiente la compilazione del DGUE, e NON sia necessario presentare in sede di gara (1.4.2021) la documentazione relativa alle licenze di business (licenze, registrazioni, statuti, etc.) e ai bilanci societari. Corretto?</strong></p>
<p><em>In tema di idoneità professionale, la Sede richiederà al concorrente la prova dell’iscrizione nei registri professionali o commerciali nazionali del Paese di residenza da cui derivi l’abilitazione ad operare, qualora sia obbligatoria secondo l’ordinamento locale. Tale prova, in sede di ammissione alla gara, è fornita tramite dichiarazione nel DGUE, mentre in sede di aggiudicazione il vincitore deve presentare il corrispondente certificato rilasciato secondo le norme dello Stato in cui è stabilito.</em></p>
<p>&nbsp;</p>
<p><strong>Nel disciplinare, all’art. 8, punto d) Personale, viene dichiarato che per addetti si devono intendere i dipendenti adibiti alla ricezione e trattazione delle domande. A tal fine, si chiede di precisare se le figure indicate a seguire possano essere incluse in tale descrizione:</strong></p>
<ul>
<li><em>Incaricato alla reception</em></li>
<li><em>Incaricato all’help desk situato all’intero del VAC per guidare i richiedenti in materia di domanda di visto o altro</em></li>
</ul>
<p><em>La risposta è chiarita nell&#8217;art. citato: Gli addetti sono i dipendenti adibiti alla ricezione e trattazione delle domande. Le figure professionali adibite ad indicare le direzioni o lo sportello numero all&#8217;utenza non vanno a sommarsi agli operatori.</em></p>
<p>&nbsp;</p>
<p><strong>Servizi aggiuntivi a pagamento: si chiede di confermare se i prezzi dei servizi aggiuntivi a pagamento debbano essere inseriti nell’offerta tecnica, Busta B.</strong></p>
<p><em>Si</em></p>
<p>&nbsp;</p>
<p><strong>Può confermare se il servizio gratuito di verifica sarà richiesto solo ed esclusivamente per le domande di visto di tipo D. Può confermare il volume dei visti di tipo D ed una stima in termini di percentuale delle domande che saranno soggette a verifica?</strong></p>
<p><em>Le domande di visto di tipologia D sono in media 150 l&#8217;anno. La percentuale dovrebbe attestarsi intorno al 10% di quella somma.</em></p>
<p>&nbsp;</p>
<p><strong>Può confermare se il servizio gratuito di traduzione ufficiale sarà richiesto solo ed esclusivamente per le domande di visto di tipo D. Può confermare il volume o una stima in termini di percentuali delle domande che saranno soggette a traduzione?</strong></p>
<p><em>E&#8217; credibile si tratti del 10/15% delle 150 annue di media.</em></p>
<p>&nbsp;</p>
<p><strong>Qualora la reception fosse condivisa con un altro paese, ma lo spazio interno dedicato all’Italia fosse separato, viene attribuito l’intero punteggio previsto per l’aspetto di esclusività del centro visti?</strong></p>
<p><em>L&#8217;attribuzione dei punteggi è prerogativa della costituenda Commissione. Non è quindi possibile, allo stato attuale, ipotizzarne l&#8217;orientamento.</em></p>

In riferimento agli articoli III.2.1) Requisiti generali di ammissione e III.2.2) Requisiti di capacità economica e finanziaria e di idoneità professionale del Bando di Gara, si chiede di precisare quanto segue: &nbsp; Per le aziende NON europee, è sufficiente la compilazione del DGUE, e NON sia necessario presentare in sede di gara (1.4.2021) la documentazione relativa alle licenze di business (licenze, [&hellip;]
